a composite number?
True
Is 1379 a composite number?
True
Is 92269 a composite number?
False
Is 255361 a prime number?
True
Is 59459 a composite number?
True
Is 18419 prime?
False
Is 4177 a prime number?
True
Is 31846 a composite number?
True
Is 275707 composite?
True
Is 211187 a prime number?
True
Is 249563 composite?
False
Is 170047 prime?
True
Is 722459 a prime number?
True
Is 63577 composite?
False
Is 193031 composite?
False
Is 1025957 composite?
False
Is 302143 composite?
False
Is 47923 a prime number?
False
Is 398451 composite?
True
Is 6671 a prime number?
False
Is 21469 prime?
False
Is 81503 prime?
False
Is 745981 prime?
True
Is 34739 a composite number?
False
Is 574781 a composite number?
True
Is 3935 composite?
True
Is 4493 a composite number?
False
Is 126695 a composite number?
True
Is 44519 a prime number?
True
Is 1137 a prime number?
False
Is 187441 composite?
False
Is 57709 composite?
False
Is 22391 prime?
True
Is 34297 a prime number?
True
Is 329111 prime?
True
Is 815 a composite number?
True
Is 118571 composite?
False
Is 9197 composite?
True
Is 38899 prime?
False
Is 25111 composite?
False
Is 4721 a composite number?
False
Is 4822 a composite number?
True
Is 3254 composite?
True
Is 29167 prime?
True
Is 358051 a composite number?
False
Is 11383 prime?
True
Is 121703 a prime number?
False
Is 28697 composite?
False
Is 264029 composite?
False
Is 28783 a prime number?
False
Is 4783 prime?
True
Is 27449 composite?
False
Is 67121 prime?
True
Is 693061 composite?
False
Is 150001 a prime number?
True
Is 156887 prime?
True
Is 11521 prime?
False
Is 51929 composite?
False
Is 1693 a composite number?
False
Is 23431 a prime number?
True
Is 71 composite?
False
Is 1712707 prime?
True
Is 305313 prime?
False
Is 193339 a prime number?
False
Is 626929 composite?
False
Is 10781 a prime number?
True
Is 102347 prime?
False
Is 21233 a prime number?
False
Is 132397 prime?
False
Is 69731 a prime number?
False
Is 5327 prime?
False
Is 254321 a prime number?
False
Is 109569 a prime number?
False
Is 765005 composite?
True
Is 29459 a composite number?
True
Is 160847 composite?
True
Is 166781 prime?
True
Is 3767471 a composite number?
False
Is 13613 prime?
True
Is 3749 prime?
False
Is 639655 a composite number?
True
Is 275111 a prime number?
False
Is 62639 a prime number?
True
Is 914541 prime?
False
Is 197887 composite?
False
Is 5261 composite?
False
Is 97283 prime?
True
Is 40862 a composite number?
True
Is 6073 composite?
False
Is 1067159 a prime number?
True
Is 21787 composite?
False
Is 283051 prime?
True
Is 11983 a prime number?
False
Is 982057 a composite number?
False
Is 183839 a composite number?
True
Is 112543 a composite number?
False
Is 640799 a prime number?
False
Is 241697 a composite number?
True
Is 7613 prime?
False
Is 1054015 composite?
True
Is 1624111 composite?
False
Is 31817 a composite number?
False
Is 532582 composite?
True
Is 1107721 a composite number?
False
Is 1181851 a composite number?
True
Is 9233 a composite number?
True
Is 17569 composite?
False
Is 2161 a prime number?
True
Is 56561 prime?
False
Is 7941 a composite number?
True
Is 319 a composite number?
True
Is 184231 composite?
False
Is 6077 composite?
True
Is 28909 composite?
False
Is 121879 composite?
True
Is 15547 a prime number?
False
Is 808733 a prime number?
True
Is 56767 composite?
False
Is 11791 a composite number?
True
Is 5501 a composite number?
False
Is 45989 prime?
True
Is 15793 a composite number?
True
Is 265 a prime number?
False
Is 30539 a prime number?
True
Is 13891 a prime number?
False
Is 28693 composite?
True
Is 11399 a prime number?
True
Is 154265 a prime number?
False
Is 88393 composite?
True
Is 271657 prime?
True
Is 133439 prime?
True
Is 1509 prime?
False
Is 925981 prime?
False
Is 1968017 a prime number?
True
Is 2419 composite?
True
Is 6371 composite?
True
Is 4481 a composite number?
False
Is 34421 a prime number?
True
Is 902873 prime?
True
Is 46907 prime?
False
Is 90217 a composite number?
False
Is 4207 prime?
False
Is 1803999 a prime number?
False
Is 3299 a composite number?
False
Is 649678 a prime number?
False
Is 1957 a composite number?
True
Is 8986 composite?
True
Is 8033 composite?
True
Is 260621 prime?
False
Is 47181 composite?
True
Is 7165 a prime number?
False
Is 11467 prime?
True
Is 8553 a composite number?
True
Is 181457 prime?
True
Is 472499 a prime number?
False
Is 10193 prime?
True
Is 95509 a prime number?
False
Is 617891 prime?
False
Is 131863 prime?
False
Is 166983 prime?
False
Is 17159 prime?
True
Is 34031 prime?
True
Is 23099 prime?
True
Is 3821 prime?
True
Is 1554749 prime?
False
Is 1347227 composite?
True
Is 37781 a composite number?
False
Is 105509 a composite number?
False
Is 172933 a composite number?
False
Is 46993 a prime number?
True
Is 18021 a prime number?
False
Is 27733 a prime number?
True
Is 18517 composite?
False
Is 172537 prime?
False
Is 13105 prime?
False
Is 2417 a prime number?
True
Is 1241378 composite?
True
Is 156811 a prime number?
False
Is 2061831 a prime number?
False
Is 88735 composite?
True
Is 1611971 a prime number?
True
Is 260393 composite?
True
Is 1591 composite?
True
Is 2833 composite?
False
Is 266759 composite?
False
Is 11273 a composite number?
False
Is 8849 a composite number?
False
Is 380257 a prime number?
False
Is 13127 a prime number?
True
Is 151789 a prime number?
False
Is 9094 composite?
True
Is 109202 composite?
True
Is 16369 prime?
True
Is 343283 composite?
True
Is 23753 prime?
True
Is 4969 a composite number?
False
Is 229897 composite?
False
Is 102761 a prime number?
True
Is 3419 a prime number?
False
Is 8419 prime?
True
Is 62043 a composite number?
True
Is 54469 prime?
True
Is 291287 a composite number?
False
Is 62149 a prime number?
False
Is 17669 composite?
False
Is 1840945 a composite number?
True
Is 88513 composite?
False
Is 1740907 a prime number?
False
Is 35201 a prime number?
True
Is 29717 a prime number?
True
Is 52837 a prime number?
True
Is 9091 composite?
False
Is 736427 a composite number?
True
Is 7829 a prime number?
True
Is 101845 a prime number?
False
Is 20209 prime?
False
Is 9383 prime?
False
Is 69271 a composite number?
True
Is 110291 a prime number?
True
Is 29833 composite?
False
Is 811813 prime?
False
Is 3563 composite?
True
Is 11719 a prime number?
True
Is 56299 a prime number?
True
Is 14857 prime?
False
Is 270773 a prime number?
False
Is 6349 prime?
False
Is 1654777 prime?
False
Is 43223 prime?
True
Is 6521 composite?
False
Is 103451 a composite number?
False
Is 723347 a prime number?
False
Is 9659 prime?
False
Is 6761 a prime number?
True
Is 281171 prime?
False
Is 347671 a prime number?
True
Is 6131 a composite number?
False
Is 901817 a composite number?
True
Is 25778 composite?
True
Is 521155 composite?
True
Is 327511 composite?
False
Is 850849 composite?
False
Is 169987 a composite number?
False
Is 218479 a composite number?
False
Is 28751 a composite number?
False
Is 400373 a composite number?
True
Is 1365449 a composite number?
False
Is 94223 prime?
False
Is 7723 composite?
False
Is 526387 a composite number?
False
Is 44539 a prime number?
False
Is 12449 a composite number?
True
Is 6163 a composite number?
False
Is 191161 a prime number?
True
Is 329501 a prime number?
False
Is 10423 a prime number?
False
Is 232777 a composite number?
False
Is 1588897 composite?
True
Is 24319 prime?
False
Is 462023 a composite number?
True
Is 110083 prime?
True
Is 633133 composite?
False
Is 131407 composite?
True
Is 106311 prime?
False
Is 2927 composite?
False
Is 16943 a composite number?
False
Is 9921 a prime number?
False
Is 152879 a prime number?
True
Is 7699 prime?
True
Is 3953 a composite number?
True
Is 972754 a prime number?
False
Is 307 a composite number?
False
Is 341923 composite?
True
Is 94889 a composite number?
False
Is 62209 composite?
True
Is 2933 a prime number?
False
Is 144773 composite?
False
Is 393513 composite?
True
Is 11383 prime?
True
Is 26183 composite?
False
Is 385001 composite?
False
Is 41999 prime?
True
Is 32171 composite?
True
Is 454829 prime?
False
Is 21269 a composite number?
False
Is 790117 a composite number?
True
Is 30697 a composite number?
False
Is 29101 a composite number?
False
Is 16477 prime?
True
Is 1101 a prime number?
False
Is 3593 a prime number?
Tru